 2, what is 0 - 10000001011101001?
-10000001011101001
In base 10, what is 102399 + 4?
102403
In base 6, what is 0 + -3105?
-3105
In base 8, what is -6447 - 1504?
-10153
In base 9, what is 1104 + -1172?
-67
In base 4, what is -10022032210 + 0?
-10022032210
In base 15, what is -ab + -5ae?
-66a
In base 14, what is 3d - 60d?
-5b0
In base 13, what is cb8 + a?
cc5
In base 8, what is 2 - -1164552?
1164554
In base 7, what is -3 - 1030103?
-1030106
In base 11, what is -24450a - 1?
-244510
In base 8, what is 5 - 206347?
-206342
In base 10, what is 150640 + 11?
150651
In base 6, what is 25412012 + -4?
25412004
In base 7, what is 3 - -3541501?
3541504
In base 4, what is 0 + -3303303?
-3303303
In base 3, what is 2 + 10112002201?
10112002210
In base 15, what is 5a50 + -2?
5a4d
In base 2, what is -11 - -100111100000100100?
100111100000100001
In base 5, what is -13103132 - -4?
-13103123
In base 8, what is -42 + -2450?
-2512
In base 12, what is -235 + -12543?
-12778
In base 4, what is 33210221 - -3?
33210230
In base 7, what is -2 - 252415?
-252420
In base 7, what is 6 - -6434?
6443
In base 10, what is -23796 - 13?
-23809
In base 8, what is -417512 - -1?
-417511
In base 7, what is 2 - -5412556?
5412561
In base 6, what is 10 + 13310?
13320
In base 7, what is -1062310 - 0?
-1062310
In base 15, what is -32b + -4?
-330
In base 7, what is 21 + -13616?
-13565
In base 13, what is -627191 - -4?
-62718a
In base 6, what is -40305 - 41?
-40350
In base 11, what is -603 - -88a?
287
In base 7, what is -64 - 364630?
-365024
In base 7, what is 23004 + 42?
23046
In base 12, what is -2a7 + 3a?
-269
In base 10, what is -18251 - 4?
-18255
In base 13, what is 4 + 3638?
363c
In base 12, what is 175a9 + -4?
175a5
In base 10, what is 1993 + 67?
2060
In base 6, what is -130 - -15130?
15000
In base 7, what is 106 + -2333?
-2224
In base 12, what is -58 + 113a?
10a2
In base 10, what is -1 - -432192?
432191
In base 8, what is 10 + -1663565?
-1663555
In base 9, what is -3 - 62885?
-62888
In base 11, what is 4456 - -6?
4461
In base 8, what is 2 - 366724?
-366722
In base 14, what is 35 + -18ba?
-1885
In base 11, what is 6 - 9524?
-9519
In base 12, what is 17a5664 - 2?
17a5662
In base 5, what is -4143044 + -2?
-4143101
In base 2, what is 100 - -111000100011011?
111000100011111
In base 13, what is 4 - -6210?
6214
In base 14, what is -4 + -28b91?
-28b95
In base 7, what is -131 - 303116?
-303250
In base 7, what is 343655 + 3?
343661
In base 13, what is 900 - 34?
899
In base 3, what is -1210201001 - 10?
-1210201011
In base 3, what is -1201110 + 1010101?
-121002
In base 6, what is 3 + 1125543?
1125550
In base 2, what is 1101011110001111 + 10111?
1101011110100110
In base 2, what is -11110110000000 - -10100?
-11110101101100
In base 10, what is 31405 + -4?
31401
In base 14, what is b + 55d98?
55da5
In base 10, what is -33648 + 4?
-33644
In base 8, what is -75 + 15?
-60
In base 9, what is 1468 - -187?
1666
In base 5, what is 4132 + -23432?
-14300
In base 12, what is 286 + -18?
26a
In base 14, what is -1a88a + 2?
-1a888
In base 13, what is c1 - -375?
466
In base 2, what is -101011011100111 - 11010?
-101011100000001
In base 10, what is -359 + -135?
-494
In base 13, what is 123 + -6?
11a
In base 6, what is -4442 - -1422?
-3020
In base 16, what is be - 6c3?
-605
In base 16, what is e + -32a?
-31c
In base 12, what is 5 + 141a5?
141aa
In base 4, what is -13332 + 203?
-13123
In base 15, what is 78 - -146?
1be
In base 11, what is -5 - 60148?
-60152
In base 12, what is 1a361a - -1?
1a361b
In base 9, what is -5 - 213756?
-213762
In base 10, what is 109 + -808?
-699
In base 4, what is -2201232 - 1?
-2201233
In base 5, what is 13111 - -23?
13134
In base 14, what is -768c5 + 4?
-768c1
In base 15, what is -bb9d2 + -5?
-bb9d7
In base 11, what is -45018 + -5?
-45022
In base 10, what is -5 - -768?
763
In base 10, what is 54 - -525?
579
In base 11, what is -72088 - -3?
-72085
In base 9, what is 3 + 2135664?
2135667
In base 16, what is -21 - 10ca?
-10eb
In base 13, what is 245 + -72?
1a3
In base 4, what is -11213112 - 10?
-11213122
In base 10, what is 596657 + -5?
596652
In base 7, what is -3306 - 335?
-3644
In base 5, what is -21 - 2402333?
-2402404
In base 15, what is 1bcd + -1?
1bcc
In base 8, what is 675 + 473?
1370
In base 7, what is -10 - 11622?
-11632
In base 15, what is ee + -5b?
93
In base 14, what is -46837d - -4?
-468379
In base 2, what is 10110111000 - -1111100?
11000110100
In base 5, what is 10 - 3132030?
-3132020
In base 16, what is 3 - -2e41c?
2e41f
In base 4, what is -10012 - 221?
-10233
In base 2, what is 100000001001 + -1000?
100000000001
In base 14, what is -4 + 67113?
6710d
In base 12, what is -46a1 + -10a?
-47ab
In base 13, what is -3 - 54a49?
-54a4c
In base 2, what is -1000011011000001 + 1?
-1000011011000000
In base 2, what is -1000000010 - -11101010?
-100011000
In base 13, what is -5631a - -5?
-56315
In base 13, what is -983 + bb?
-895
In base 16, what is -1af + 1e?
-191
In base 10, what is 1618931 + -2?
1618929
In base 4, what is -2003023 - -123?
-2002300
In base 3, what is -1010201220 - -101?
-1010201112
In base 5, what is 2000131 + 110?
2000241
In base 12, what is -22 + 32884?
32862
In base 10, what is 152299 - -9?
152308
In base 8, what is 1274 - 26?
1246
In base 13, what is 443bb - -6?
443c4
In base 14, what is -db42 - 6?
-db48
In base 14, what is -5 - 2671?
-2676
In base 8, what is -113736 - -44?
-113672
In base 15, what is -de8 - 69?
-e62
In base 10, what is 96 + 76752?
76848
In base 8, what is 5 - 10202?
-10175
In base 9, what is -723 - -16?
-706
In base 7, what is -2145 - 65?
-2243
In base 2, what is -11101010 + 1000100111?
100111101
In base 13, what is -4c9 + 19?
-4b0
In base 7, what is 4 + 44112?
44116
In base 6, what is -14 + -343304?
-343322
In base 4, what is -32130230 + 33?
-32130131
In base 2, what is -10001000100 + 11101?
-10000100111
In base 4, what is 102202220 - 20?
102202200
In base 16, what is 2a2 + -b?
297
In base 11, what is 17617 - 4?
17613
In base 12, what is -18ba1b - -2?
-18ba19
In base 8, what is 3414 - -206?
3622
In base 11, what is -11 - -4064?
4053
In base 10, what is -1544 + 27?
-1517
In base 10, what is 83551 - 0?
83551
In base 2, what is 10000000110001111 + -11?
10000000110001100
In base 6, what is 5420 - 204?
5212
In base 15, what is -3d5 + -12e?
-514
In base 15, what is -d28e + d?
-d281
In base 14, what is 1b08 + 23c?
1d46
In base 9, what is 3 + -11038?
-11035
In base 10, what is -3 + 15918?
15915
In base 13, what is -1022 - 24?
-1046
In base 3, what is 0 + 20110011?
20110011
In base 15, what is -1c4 - 1b?
-1e0
In base 2, what is 110010100110 - 1100110?
110001000000
In base 13, what is -19c - -60b1?
5c12
In base 16, what is 14 - 9e2?
-9ce
In base 6, what is -40340 + -4?
-40344
In base 11, what is -55497 - -3?
-55494
In base 10, what is 3038931 + 3?
3038934
In base 10, what is -32681 - -19?
-32662
In base 12, what is 19a + 58a?
768
In base 8, what is 263 - 30730?
-30445
In base 10, what is -26 - -15936?
15910
In base 12, what is -3 - 5070?
-5073
In base 2, what is -1010010100100 - -10000001?
-1010000100011
In base 15, what is aea - -13?
b0d
In base 16, what is 48f6 + -3?
48f3
In base 6, what is -12 + 33501?
33445
In base 5, what is 210321 + -12?
210304
In base 14, what is 1606 + 5?
160b
In base 10, what is 33303 - -3?
33306
In base 4, what is -221020 - 23203?
-310223
In base 6, what is 2 + 452043?
452045
In base 8, what is 3523 - -125?
3650
In base 13, what is 28 - 17?
11
In base 11, what is -13 - -210?
1a8
In base 6, what is -12302 + -103?
-12405
In base 16, what is 1 + 1be77?
1be78
In base 7, what is 123 - -124?
250
In base 5, what is 0 + 312013?
312013
In base 12, what is 10 - -137b0?
13800
In base 16, what is -11b5 + 0?
-11b5
In base 7, what is 40234 - -2?
40236
In base 14, what is 4 - -67d4?
67d8
In base 4, what is -301 - 13223?
-20130
In base 12, what is -4 + 1642?
163a
In base 5, what is 200 + -4144?
-3444
In base 2, what is -1001 - -1001110111100?
1001110110011
In base 12, what is -687b5 + 4?
-687b1
In base 10, what is 40 - 277?
-237
In base 5, what is 20321 - 1114?
14202
In base 10, what is 468166 - 0?
468166
In base 2, what is -10011110011000100001 + 100?
-10011110011000011101
In base 10, what is 1375 - 10?
1365
In base 14, what is 7 - 554a?
-5543
